*f**2 + f. Determine j(v).
19
Let a be 50/100 - (-2)/4. Let d(q) be the first derivative of 3*q**4/4 + q + 4. Determine d(a).
4
Let d(z) be the third derivative of z**8/6720 + 29*z**5/60 - 7*z**2. Let l(f) be the third derivative of d(f). Let p = -2 - -1. Determine l(p).
3
Let f(n) = -n + 1. Let i(k) = -k**2 - 6*k - 8. Let x(w) = -4*f(w) - i(w). Suppose -7*b + 3*b - 2*h - 40 = 0, -5*b - 60 = 5*h. Determine x(b).
-12
Let b(o) = -30 + 27*o + 30 - 26*o. Give b(-5).
-5
Let w(r) be the first derivative of -r**3/3 - r**2/2 + 2*r + 104. Give w(-2).
0
Let s(v) = -22*v**3 - 3*v**2 - 3*v + 3. Let t(g) = -87*g**3 - 13*g**2 - 13*g + 13. Let k(a) = -9*s(a) + 2*t(a). Suppose -20*d - 8 + 28 = 0. Calculate k(d).
25
Suppose -2*b + 8 = 2*g, g - 21 = -5*b - 3*g. Let h(v) be the first derivative of 5*v**2/2 - 6*v - 2. Calculate h(b).
19
Let l(u) = u**3 + 3*u**2 - 3*u + 2. Let a be l(-4). Let h(k) = 5 - k**3 + 0*k - 3 + 0 - 2*k**2 + 0 + 2*k. Calculate h(a).
-2
Let x = -43 + 45. Let g(v) = 3*v - x*v**2 - 12 - v**2 + v**3 + 9. Determine g(3).
6
Let d(n) = -12*n - 32. Let v(w) = -6*w - 15. Let r(y) = 3*d(y) - 7*v(y). Calculate r(-2).
-3
Let k(n) = 68*n - 141*n + 74*n + 28*n**2. Calculate k(-1).
27
Let y(r) be the second derivative of r**3/6 - 5*r**2/2 + 23*r. What is y(10)?
5
Let q = -17 - -19. Let a(o) = q - 3 - o + 4 + o**2 - 5*o. Suppose -12 + 2 = -2*c. Calculate a(c).
-2
Let p = -44 - -48. Let m(n) = 6*n**3 + n**2 + 6*n + 9. Let t(v) = -5*v**3 - 2*v**2 - 5*v - 8. Let w(f) = p*m(f) + 5*t(f). What is w(-6)?
2
Let k(d) = d**2 - 23*d + 6*d + 10*d + 5*d. Suppose -2*f + 6*c = 2*c - 4, 2*f = -3*c - 10. Calculate k(f).
8
Let t(f) = -9*f + 21*f - 7*f - 22 - 6*f. Give t(-24).
2
Suppose -4 = -2*w + 2. Let u(i) = -2*i**2 + 2*i - 1. Let q(t) = 2*t**2 - t + 1. Let y(f) = 2*q(f) + 3*u(f). Give y(w).
-7
Let n(u) = 7 - 20 + 5*u**2 + 14 + 9*u - u**2 - 3*u**3. Let x(d) = -d**3 - d**2 + d + 1. Let q(l) = n(l) - 2*x(l). Determine q(7).
-1
Let r(g) = g - 2. Suppose -v = 4*t - 37, -14 = -t + 27*v - 32*v. What is r(t)?
7
Let f(j) = -21 - 5*j - 19*j**2 - 14*j**2 + 34*j**2 - 4*j. Give f(10).
-11
Let n(i) be the first derivative of -1/2*i**2 - 9*i + 5. Determine n(-5).
-4
Suppose -m + 5*h = 32, 9 = -5*h + 34. Let z(i) = -4*i**3 - 7*i**2 + 3*i - 9. Let d(b) = 9*b**3 + 14*b**2 - 7*b + 18. Let t(q) = 3*d(q) + 7*z(q). Determine t(m).
-9
Suppose -2*i - i = 402. Let c = i - -128. Let h(y) = -y**3 - 7*y**2 - 6*y + 3. Calculate h(c).
3
Let t = -14 - -8. Let p be (-3)/(-2)*(4 + t). Let c(q) be the second derivative of q**3/6 + 3*q**2/2 - 148*q. Determine c(p).
0
Let k(a) = -a**2 - 33*a + 87*a + 7 - 53*a. Calculate k(5).
-13
Let x(j) = 0*j**3 + 11*j**3 - 1 - 2*j + 0 + 3*j. What is x(1)?
11
Let i(s) = 3*s + 2*s**3 - 1 - 3*s**3 - 3*s**2 + 0*s**2. Let b be 45/(-10)*(-4)/6. Suppose -2*c + v - 3 = b, c + 5*v = -14. What is i(c)?
3
Let h(n) = -n**3 - 5*n**2 - n - 1. Let k be (18/15)/((-4)/(-20)). Suppose -4*s - 21 = -r, s = 3*s + 4*r + k. Give h(s).
4
Let p(t) = 89*t - 87. Let g(u) = -17*u + 17. Let c(j) = -11*g(j) - 2*p(j). Give c(4).
23
Let y(s) = 2*s - 31. Let g(c) = -4*c + 57. Let w(l) = 6*g(l) + 11*y(l). What is w(3)?
-5
Let x(s) be the third derivative of s**5/60 - s**4/12 - 7*s**3/6 + 28*s**2. Let n(t) = -5*t**3 + 2*t**2 + 2*t + 1. Let v be n(-1). Calculate x(v).
17
Suppose 0 = u + 3*c + 4, -4*u = u + 2*c + 7. Let r(j) = 25*j. Determine r(u).
-25
Let s be 2*2 - (4 + 4/(-2)). Let m(c) = s - 57*c - 50*c + 113*c. Calculate m(2).
14
Let d(o) be the third derivative of 6*o**2 + 1/2*o**3 + 0*o + 0 + 1/60*o**5 + 1/4*o**4. Let z = 13 + -18. What is d(z)?
-2
Let g = -24 + 33. Suppose -5*o = -15, 0 = -g*s + 4*s - 4*o - 18. Let a(m) = -m**2 - 8*m + 2. Calculate a(s).
14
Let f(o) = o**3 + 6*o**2 - 7*o - 1. Let z be f(-7). Let u(s) be the first derivative of s**3/3 - s**2/2 - 771. Determine u(z).
2
Let m(u) be the third derivative of u**4/24 + u**3/2 - 14*u**2. Let c(o) = 2*o + 7. Let p(q) = -3*c(q) + 5*m(q). Determine p(-9).
3
Let c(q) = q**2 + q - 3. Let o(g) = 3*g**2 + 4*g - 8. Let i(m) = 11*c(m) - 4*o(m). Calculate i(-4).
3
Let r(a) = a. Suppose -17 - 79 = -16*y. Determine r(y).
6
Suppose -19*w = -26*w - 49. Let n(o) = o**3 + 8*o**2 + 7*o + 7. Determine n(w).
7
Let d(z) = z**2 - 4*z - 2. Let a = -4 - -8. Suppose -6 = -l - 2*l. Suppose -16 = -5*h - a*v, 4*h + l*v + 10 = 24. Give d(h).
-2
Let k(z) = 11*z**2 + 3*z**3 + z**2 + 9 - 2*z**3 - 9*z - 3*z**2. Give k(-10).
-1
Let b(g) = -g + 5. Let z be (-45)/30*(-10)/3. Suppose -4*a - q = -z, 3 = 4*a - q - 0. Let j be 2 - (-3 + (6 - a)). What is b(j)?
5
Suppose -6*p + 7*p - 3 = 0. Suppose 2*f = p*f + 3. Let s(u) = 3*u + 2*u**2 - u**2 - 4 + 3. Calculate s(f).
-1
Let x(i) = -2*i**2 + i. Let p(j) = 9*j**2 - 2*j - 4. Let q(o) = p(o) + 4*x(o). What is q(-6)?
20
Let w be -3 - -1*(-28)/(-4). Let s(u) = 4*u**2 - u**3 + 5 + 3 - 18 + 5. Calculate s(w).
-5
Let b(t) = 30*t - 11 - 16*t - 21*t - 8*t**2 - 8 + t**3. What is b(9)?
-1
Let x be 6/(-4)*(-464)/24. Suppose -2*p + 37 - 125 = 4*a, -p + 3*a = x. Let o = 39 + p. Let b(l) = -11*l. What is b(o)?
-11
Suppose -243*b - 3*f - 55 = -247*b, 5*b = 3*f + 68. Let c(s) = s - 25. Determine c(b).
-12
Let p be ((-12)/(-8))/(9/(-42)). Let v = p - -13. Let z(x) = x - 4. Give z(v).
2
Let p(s) = s**3 - 9*s**2 + s - 1. Suppose -341 = -28*c - 89. What is p(c)?
8
Suppose 10 = 5*v - 5. Let m(b) = -2 - 12*b + v + 13*b. Let f(r) = 6*r + 11. Let x(z) = f(z) - 4*m(z). Determine x(-5).
-3
Suppose -3*u = -3*y + 3, 0*u + 3 = 3*u - 5*y. Suppose 0 = 3*o + 3, 6*c + 2*o - 10 = 2*c. Let g(j) = 2*j**2 - 3*j**2 - 3*j**2 - j**c + 2*j - 2. Determine g(u).
-10
Suppose z + 0*z - 27 = 0. Let m(n) be the first derivative of -2*n**2 + 2*n - 3*n - 20 + z + 2*n. Calculate m(1).
-3
Let f(a) = a**2 + 12*a - 8. Let q be f(-13). Suppose -q*t - 2*r = 3, 3*t = -3*r - 5 - 4. Let d(u) = 5*u + 1. Calculate d(t).
6
Let j(i) = -i**2 - i - 1. Suppose 5*a + 8 = -4*x + 20, 4*a = 5*x - 15. Let n be j(a). Let v(t) be the second derivative of -t**3/6 - 3*t. Calculate v(n).
1
Suppose -34 = 6*m - 7*m. Let g(a) = -9*a**3 + m*a - 18*a + 1 - a**2 - 15*a. Suppose 3*y + 6 = 0, 3*l = -2*y - 2*y - 11. Calculate g(l).
8
Let u(c) = -2*c**2 - c + 2. Let m = 81 + -77. Let s be -4 + 2/m*2. Determine u(s).
-13
Let a(x) be the third derivative of -x**6/120 + x**5/15 - x**4/6 - x**3/2 + x**2. Let z = 6013 - 6009. Give a(z).
-19
Let y(n) = 2*n**3 + 64 + 9*n**3 - 4*n - 63 + 7*n**3 + 3*n. Give y(1).
18
Let b(m) = -29*m - 33*m - 18 + 60*m. What is b(-13)?
8
Let g(o) = -o**3 - 3*o**2 - 3*o - 2. Suppose -u - 2*u = 66. Let n = -24 - u. Calculate g(n).
0
Suppose 7 - 3 = 2*p. Suppose p*s + s = 5*g, 0 = 3*g + 9. Let z(r) = r**3 + 4*r**2 - 6*r + 6. Determine z(s).
11
Let r = 38 - 32. Let b be 3*(8/r + 2). Let z(y) = -11*y**3 - y - 6*y**2 + 5 + 0*y + b*y**3. Determine z(-6).
11
Let p(y) be the third derivative of y**6/120 - 2*y**5/15 - 19*y**4/24 - 3*y**3/2 - y**2 - 4. Determine p(10).
1
Let w(r) = 2*r**2 - 32*r + 47. Let t be w(14). Let b(z) = -5*z**2 - 9*z - 4. Let v(d) = 9*d**2 + 18*d + 8. Let f(c) = 7*b(c) + 4*v(c). Determine f(t).
4
Let j(v) = v**2 - 3*v + 2. Let q be 14/(-42)*(3 + 0). Let b = 3 - q. Give j(b).
6
Let o(n) be the second derivative of n**5/20 + n**4 - 13*n**3/6 + n**2 - n + 20. Determine o(-13).
2
Suppose -4 = -t + 3. Let k be ((-2)/(-7))/(1/t). Let a(x) = -19*x**2 + 4*x + 4. Let m(s) = 9*s**2 - 2*s - 2. Let h(p) = -4*a(p) - 9*m(p). What is h(k)?
-14
Let t(y) = 2*y**3 - 4*y**2 + 2*y + 2. Let g be (-2)/(-2) + 26 - -1. Let v be 132/14 - (-16)/g. Let b be 8/5 - v/(-25). Give t(b).
6
Let p = 14 + -8. Let c(n) be the first derivative of 9 - 1/4*n**4 - 7*n + 0*n**2 + 2*n**3. Calculate c(p).
-7
Suppose 2 = 2*c - 0. Suppose 3*m = -2*h - 1, 31 = 4*h + 4*m - 9*m. Let i be c/(-2) - 10/h. Let p(a) = -a**2 - 3*a - 3. What is p(i)?
-3
Suppose 4*q - 4*n = -20, 5*q + 3*n - 7*n + 22 = 0. Let a(g) = -2*g**2 - 6*g - 1. Let k(i) = -i. Let o(l) = -a(l) + 4*k(l). Give o(q).
5
Let t(q) = -q**2 - 12*q - 13. Suppose 513 = -7*r + 443. Give t(r).
7
Let y(x) = -3*x**2 - 2*x + 1. Let c be (-3)/(-6)*(11 + -3). Suppose -4*f - 9 = -j, 0*f = -c*f - 4. Let k be j*(3 + 17/(-5)). Give y(k).
-7
Let r(t) = -13*t**2 - 20*t - 5. Let u(c) = -3*c**2 - 5*c - 1. Let h(o) = -2*r(o) + 9*u(o). Calculate h(-4).
5
Let v(i) = -i**3 - 4*i**2